 and 220?
44
Let s(z) = -4*z + 12. Let h be s(4). Let d(l) = l**3 + 6*l**2 + 6*l + 3. Let k be d(h). Suppose x - k = 7. What is the highest common divisor of x and 12?
6
Let j(v) = -117*v - 129. Let s(b) = -29*b - 32. Let a(r) = 6*j(r) - 22*s(r). Let c be a(-4). Calculate the highest common factor of 248 and c.
62
Suppose -929*y + 5324 = -451*y - 456*y. Let z(b) = 10*b + 2. Let s be z(2). What is the highest common factor of s and y?
22
Let r be (-30734)/(-8) + (-4 - 234/(-72)). Calculate the greatest common divisor of r and 167.
167
Suppose 43*i - 37*i = -12. Let b be (i - -4)*-3*86/(-12). What is the highest common factor of 989 and b?
43
Suppose 22 - 2 = 5*g. Suppose l + 3*w - w - 88 = 0, g*l - 365 = 5*w. Let h = 1413 + -1395. What is the highest common factor of h and l?
18
Let d be (14/(980/42))/(9/8805). Calculate the highest common factor of d and 4.
1
Let l(v) = -131*v - 2086. Let i be l(-16). Calculate the highest common divisor of 6935 and i.
5
Let w be -1*(-1)/(2/10). Let f be (163 - -1)*6/60*5. Let i = 107 - f. Calculate the highest common factor of w and i.
5
Let z(m) = 2*m**2 + 6*m. Let p be z(-5). Let r(c) = 668*c + 5. Let t be r(0). Calculate the greatest common divisor of p and t.
5
Suppose 58*t - 1240 = 18*t. What is the highest common divisor of 1643 and t?
31
Suppose -416266 = -286*v - 25160 - 6722. What is the greatest common factor of 6 and v?
6
Let j be (16/(-3))/(6/(-189)). Suppose -387 = -5*z + 6*h, 29 - 257 = -4*z - 2*h. What is the greatest common factor of z and j?
21
Let y(h) be the third derivative of -h**4/12 + 29*h**3/3 + 22*h**2. Let r = 99 + -72. Let c be y(r). What is the greatest common divisor of 4 and c?
4
Let x(f) = -41*f + 49. Let j be x(9). Let m = 432 + j. Calculate the greatest common divisor of 14 and m.
14
Let f be -4 - (226/(-4) - (-72)/(-48)). What is the greatest common divisor of 1224 and f?
18
Let z = 3508 + -2833. Calculate the highest common factor of 117 and z.
9
Let u(s) be the first derivative of 17*s**4/4 + s**2 - s + 8. Let a be u(3). Calculate the greatest common divisor of a and 58.
58
Suppose 29*a + 11 = 30*a + 2*s, 645 = 21*a - 4*s. Suppose 0 = 4*w - 800 + 220. What is the greatest common divisor of w and a?
29
Let r = 2991 - 2583. What is the highest common divisor of 5100 and r?
204
Let b be -3*1*(-4)/3. Suppose m - b = -6. Let g(x) = 6*x**2 + 6*x - 2. Let a be g(m). Calculate the greatest common divisor of 90 and a.
10
Let k = 383 + -384. Let a be (0 + k - 4)*108/(-90). Calculate the highest common divisor of 96 and a.
6
Let q(f) = 29*f**2 + 5*f - 16. Let a be q(-2). What is the highest common divisor of a and 264?
6
Suppose -2*v - 70*v + 16020 = 17*v. What is the highest common factor of v and 2580?
60
Let o(q) = -430*q - 12467. Let w be o(-29). Suppose 5*b + 80 = 5*i, 31 = i + 3*b - b. Calculate the highest common divisor of i and w.
3
Let x be 80*(9/(-12) - 297/(-44)). Let c = 504 - x. Calculate the highest common divisor of 64 and c.
8
Let n = -158 + 159. Suppose c - g - 65 = 0, 3*c - 4*g - 196 = n. Calculate the greatest common divisor of 9 and c.
9
Suppose -2 = 2*s, 0*r - 5*r + 96 = 4*s. Let k(g) = -313*g + 27. Let l be k(-1). What is the highest common factor of r and l?
20
Suppose -23 - 2 = 5*s. Let w = s + -31. Let q be 3*1*(-624)/w. Calculate the greatest common factor of q and 13.
13
Let o be ((-6)/9 - 0) + 30168/54. What is the highest common factor of o and 124?
62
Let z(c) = 3*c**2 + 145*c - 106. Let f be z(46). Calculate the greatest common divisor of 48 and f.
48
Suppose -4563 = -3*d - 849. Suppose -6*g = -d + 1196. Calculate the highest common divisor of 8 and g.
1
Let j(i) = 4*i**3 - 42*i**2 + 721*i - 18. Let x be j(13). What is the greatest common factor of 1175 and x?
235
Let d be 6 + 1 - (7 - (-5 + 10)). Let x be 4/18 - (-754)/9. Suppose 6*v = 354 - x. What is the highest common divisor of v and d?
5
Let m(y) = -y**3 - 11*y**2 - 20*y - 18. Let p be m(-9). Suppose p = -4*v + 179 - 47. Calculate the greatest common factor of v and 363.
33
Suppose -255*h + 268*h - 1040 = 0. Calculate the greatest common factor of h and 1264.
16
Let p(d) = 2 - 1 + 514*d - 513*d. Let m be p(32). What is the highest common divisor of 3 and m?
3
Let z(d) = d**3 + 4*d**2 - 5*d - 10. Let m be 1*(445/5 + -5). Let p = 80 - m. Let g be z(p). Calculate the greatest common divisor of 20 and g.
10
Let g = 18820 + -18778. Calculate the highest common factor of 8862 and g.
42
Let d be 1/(-8) - (-27225)/200. Let b = d + -76. Calculate the highest common divisor of 48 and b.
12
Let u be (-2 + (-21)/(-9))*-12. Let c be 0 + 2 + (-56)/u. Suppose 11*h - c*h = -65. Calculate the greatest common divisor of 39 and h.
13
Suppose 13*o + 19 = 12*o. Let z = o - -75. Suppose 3*x + 64 = 11*x. Calculate the greatest common factor of z and x.
8
Let i = 3436 - 1667. What is the highest common divisor of 122 and i?
61
Let c = 21479 - 21031. Let u(o) = 3*o**3 - 3*o**2 + 2*o. Let v be u(2). What is the greatest common factor of v and c?
16
Suppose -3*r - 76 = -475. Suppose 0*p - 3*g - 12 = -3*p, -4*p = 2*g - 16. Let y be (6 - p/((-72)/(-102)))*57. Calculate the highest common divisor of r and y.
19
Let p = 7411 + -4153. Calculate the highest common divisor of p and 905.
181
Let u = 6312 + -3800. What is the highest common factor of u and 64?
16
Let r = 508 + -535. Let c be 41496/189 - 3*4/r. Calculate the highest common divisor of 80 and c.
20
Let r = 6949 - 6947. Suppose -161 = -2*o - 21. Calculate the greatest common divisor of r and o.
2
Let y = -6719 + 6728. Suppose 0 = 5*a - 10 - 5. Let z(j) = 2*j + 3. Let m be z(a). Calculate the highest common divisor of y and m.
9
Let g be (-111)/((-1)/(3 - 2)). Suppose f - g = -1. Suppose -49*v - 431 + 1509 = 0. What is the highest common factor of v and f?
22
Suppose 26*a = 84 - 32. Suppose -6*n = d - a*n - 21, 5*n = -5*d + 45. Calculate the highest common divisor of d and 35.
5
Let w(v) = 9*v**3 + 109*v**2 - v + 70. Let f be w(-10). What is the greatest common factor of f and 960?
60
Let i be (0 + 0 - 11) + 66/22. Let u be (130/26)/((-2)/i). Calculate the highest common divisor of u and 220.
20
Let j(r) = 504*r + 3915. Let f be j(-6). Calculate the greatest common factor of 132 and f.
33
Let d be (-6)/12*(-85144)/29. Calculate the greatest common factor of d and 4.
4
Let k(u) = 13 - 4*u + u**2 - 5 - 18 - 4. Let j be k(7). Suppose -j*y + 36 = -y. Calculate the highest common factor of y and 6.
6
Let a(m) = -75*m + 543. Let z be a(7). Calculate the greatest common divisor of z and 582.
6
Suppose -16*b - 15 = -14*b - 5*o, -3*o = -3*b + 9. Let m be (-1)/((-2)/4) + 8. Calculate the greatest common divisor of b and m.
10
Let n(w) = -17*w**2 + 8*w + 73. Let f be n(-5). Let r = 434 + f. Calculate the highest common factor of 112 and r.
14
Let k be (-14 - (-45 + 28))/((-3)/(-38)). Calculate the greatest common factor of k and 21850.
38
Let a be (1 - 0) + 2*5. Let t be 198 + -48 + 708 + 22/2. What is the highest common divisor of a and t?
11
Suppose 0 = 5*h - 2*l - 328, 3*l - 115 = -h - 46. Suppose -14*i + 1043 + 817 = 141*i. What is the greatest common divisor of h and i?
6
Let j = 353 + -92. Let i = 271 - j. Calculate the greatest common divisor of 10 and i.
10
Suppose 10*k - 588 = -338. Calculate the highest common divisor of 30 and k.
5
Let w(c) = -166*c + 174. Let l be w(-3). Calculate the greatest common divisor of 27 and l.
3
Let b(x) = 253*x**2 + 121*x + 242. Let p be b(-2). Calculate the highest common divisor of 66 and p.
22
Let p = -61 - -54. Let k(w) = -w**3 - 6*w**2 + 6*w + 2. Let s be k(p). Calculate the greatest common factor of s and 6.
3
Suppose -4*w + 4*q + 608 = 0, -452 = -3*w - 98*q + 99*q. Let u be ((-1)/2)/((-3)/36). What is the highest common divisor of u and w?
6
Let f = 0 - -11. Let u(m) = -78*m - 3187. Let n be u(-41). Calculate the highest common divisor of f and n.
11
Let t(m) = -4*m**2 + 26*m + 84. Let k be t(8). Calculate the greatest common factor of 2304 and k.
36
Suppose -2*i = -5*o + 342, -o - 4*i + 127 - 41 = 0. What is the greatest common factor of 11305 and o?
35
Suppose 0 = -v + 3*z + 1127, -3*v - 20*z + 3423 = -15*z. Suppose 564 = 20*d - v. Calculate the greatest common factor of 255 and d.
85
Let r be (-24*1/15)/((-2)/285). What is the